lculate 26 + -4 - 36 - -23.
9
What is (-2 + -6 + 1 - -7) + 22?
22
(-1 - -11) + (-18 - -5 - -15)
12
Evaluate -45 + 11 + -3 + 8 + 4.
-25
What is (24 + (-19 + 9 - -2) - -10) + -5?
21
Evaluate 2 + 1 + -47 + -1 + 34.
-11
Evaluate -13 - (58 + -59 + (0 - 3)).
-9
Evaluate 13 + -9 + 24 + -23.
5
0 - 0 - 0 - ((-22 - -61) + -48)
9
Evaluate 14 - (8 + -4 - -7).
3
What is the value of 23 + (14 + -35 - 3)?
-1
What is (-6 - 1) + (-2 - -9) + (9 - 13)?
-4
Calculate (11 + -1 + -10 - -13) + -12.
1
Evaluate (12 - (1 - (4 + -7))) + -11 + -1.
-4
-8 + 12 + (-6 + 2 - (14 - 5))
-9
Evaluate 12 + -2 - (-13 - -10).
13
18 + (-18 - (10 + -14))
4
What is the value of 3 - ((33 - 1) + 3) - (217 + -222)?
-27
-98 - -113 - (-8 - -35)
-12
What is the value of 4 + -4 + (18 - 6)?
12
What is the value of -39 - (-16 + 18 + 15 - 21)?
-35
Evaluate (-12 - (9 + -7 - 11)) + 4.
1
Evaluate -15 + -25 + 7 + 9.
-24
What is 2 - (-8 + 8 + 1)?
1
What is (-2 - (6 - -9)) + 7 - (-8 - -1)?
-3
Evaluate (-2 - -22) + -18 + 28 + (15 - 26).
19
What is -15 - -14 - 35 - -14?
-22
What is 38 + -97 + 34 + 51?
26
Calculate -1 - -7 - (-3 + -12 + 17 + -6).
10
-1 - (-8 + (18 - -2) - 26)
13
What is (-3 - (21 + -19)) + 0 + 5?
0
Calculate 4 + -4 - (0 - -7 - 7) - 0.
0
Evaluate (-28 - -10) + 21 + (-9 - -1) - -16.
11
What is the value of 142 + -131 - (7 + -3 - 1)?
8
Evaluate 44 - (-9 - (16 - 37 - 3)).
29
What is the value of 0 - 4 - (12 + -19) - (5 + -3)?
1
What is the value of (-4 - -2) + -5 - (-12 + -1)?
6
What is (21 - (-5 + (-1 - 5))) + -13?
19
What is the value of (0 + -29 - -16) + 6 + -6 + -1?
-14
Evaluate (-4 - (3 + -6 + -2)) + -19 - 0.
-18
Calculate 39 + 6 - 26 - 21.
-2
Evaluate (50 + -62 - (-2 + 1)) + -2.
-13
What is (2 - (3 + 3 + -3)) + (-1 - 3)?
-5
What is the value of -1 - (14 - (21 - 10))?
-4
What is -9 + (-15 + 27 - (-3 + 2))?
4
-4 - ((2 - (13 - 10)) + -3 + -10)
10
-2 + (14 - -5) + -34
-17
What is 8 + (-11 - (-7 - -1) - 18 - -5)?
-10
Evaluate (10 - (2 + -1)) + 47 + (-41 - 25).
-10
-7 + -16 + 1 + 18 + -9
-13
What is the value of -6 + (-7 - (-9 + -9 + 11) - -9)?
3
Evaluate 10 + (4 - (-9 - -8 - -7)).
8
Evaluate -20 - -3 - (468 - 484).
-1
Evaluate 5 + -5 - 4 - -5.
1
-1985 + 1982 - (-35 - 0)
32
What is (-5 - (-3 + -1)) + (-1 - 3 - -3)?
-2
Evaluate (-8 - (0 - -4)) + (-3 - (-1 - 14)).
0
Evaluate (6 - 10) + 8 + 4.
8
Calculate 2 - (-46 + 25 + 22).
1
2 - (-2 - 22 - -16)
10
1 - (-13 - -2 - ((-7 - -3) + -2))
6
Evaluate -1 - (-15 + 2 + (-7 - -16) + -3).
6
Calculate 18 - (45 + -13 + -17).
3
13 + (12 - 32) + 1
-6
What is (14 - (-12 + 27 + -9)) + -23?
-15
Calculate -12 - (-6 + -4) - (2 + -5 - 0).
1
-2 - (-1 + 5) - -5 - (-3 + -1)
3
(9 - 4) + 0 - 8
-3
What is (-1 - (-1 - (2 + -5))) + -3?
-6
(-3 - 7) + (3 - -2) - (1 - -7)
-13
(-1 + 4 - -2) + 0 + -3
2
42 - 0 - (-118 - -151)
9
Calculate (-7 - -4) + (-9 - 19 - -8).
-23
What is the value of -25 - (17 + -25) - -8?
-9
-1 - 23 - (-8 - (4 + -1))
-13
Calculate -5 + 10 - (4 - ((0 - -7) + -2)).
6
What is the value of -10 + (-19 - (-29 + 20))?
-20
Calculate 50 + -68 + 4 - (-1 + -18).
5
Calculate 5 + -12 + (17 - 6).
4
-3 - 13 - (25 + -49)
8
Evaluate -4 + 8 + 3 + (-2 - 4).
1
-9 + (-12 - -30) - 15
-6
Evaluate 8 - (-13 - (-6 + 13 + -10)).
18
Calculate (3 - 3) + (-10 - -8) - 8.
-10
What is 9 - (-8 - (-4 + 1 + 8 - 7))?
15
What is ((5 - -14) + -29 - (-1 - 3)) + -25?
-31
What is the value of 18 + 1 - 21 - (-4 - 1) - 17?
-14
Calculate 3 + 7 - 9 - (-2 - -5).
-2
Calculate (0 + 4 - (11 - 12)) + -6 + 5.
4
What is the value of 3 + -1 - -7 - (23 - 20) - 2?
4
What is (-34 - -31) + (-8 - -1)?
-10
Calculate 13 - 8 - (-1 - (-8 + 16)).
14
What is -38 + (-15 - -38) - -28?
13
What is 3 - 0 - (12 - (7 + 13))?
11
-8 + 7 + (-12 + 7 - -9) + 0
3
631 - 637 - (-17 + 0 + 0)
11
Evaluate -27 + -8 + 27 - 5.
-13
What is the value of 13 - (20 - (-1 + 8))?
0
Calculate 0 + -8 + (-221 - -230) - -30.
31
Evaluate -9 + (9 - (-1 - 0)) - -3.
4
Calculate -8 + -8 + 9 + -10 + 19.
2
What is the value of 1 - -3 - (-10 + 6 + -5 + 2)?
11
What is the value of 7 - ((10 - -2) + (-8 - (8 + -10)))?
1
Calculate (20 - -8 - 18) + -4 - (-19 + 0).
25
What is the value of -24 + -11 + (-8 + (-9 - -13) - -14)?
-25
Calculate -1 + 3 + 24 - (38 + -58 + 26).
20
Evaluate 10 + -7 + -9 + 9 - -11.
14
Evaluate -3 + 0 + (20 + -10 - 9).
-2
What is the value of 2 + -17 + 7 - (-3 + -9)?
4
Calculate 323 - 342 - (-1 + -16).
-2
Evaluate -9 - (1 + -22 + 14).
-2
What is the value of 6 + 16 + -11 + -14 - 5?
-8
What is -13 - (-11 - -4) - (-4 + 0) - 3?
-5
-11 + 18 + (-22 - (-2 - (-2 + -1)))
-16
Calculate -5 + 23 - 22 - -27.
23
What is the value of (-1 + 2 - 8) + -2209 + 2190?
-26
17 - (11 + (0 - (-3 + 12)))
15
What is the value of 1 - ((1 - 8 - (-10 + 11)) + 8)?
1
What is the value of 1 - 7 - (-2 - -3 - 8)?
1
What is -7 - (-34 + (-8 - (-14 + 4)))?
25
What is -301 + 301 + 16 + -2?
14
What is the value of (19 - (12 - 7)) + -2 - -5?
17
Calculate 15 + -9 + 6 + -13.
-1
What is -6 - (0 + 2 + -5 + -3)?
0
Evaluate -20 + 32 - (10 - 6).
8
What is (-3 - (3 + 1)) + (-1 + -11 - -11)?
-8
28 + (-14 - (-1 - -16) - -14)
13
Calculate 7 + (4 - (12 + -2)).
1
What is -23 + 6 - -14 - (-1 - -9)?
-11
Evaluate 1 + 10 - (124 - 128).
15
Calculate ((12 - 16) + -7 - -8) + 18.
15
What is -46 - -53 - (-4 + 2 + 10)?
-1
Calculate -11 + -11 + 11 + 20.
9
What is the value of (-10 - (-4 + 7 + -1) - -6) + -6?
-12
What is the value of -1 + 2 + -1 - (-26 + 3 + 21)?
2
18 - (-5 + 11 - -7)
5
Evaluate -6 + (2 - 3) + 12 + (-7 - -15).
13
-9 + (23 - (10 - -8))
-4
What is (-4 - (0 + -5) - 10) + (8 - 6)?
-7
(2 - (2 - 9)) + 16 + -30 + 17
12
What is the value of -15 + (8 - (-10 + 16)) + 7 + -10?
-16
What is the value of -1 - -6 - (-3 + 3 + 2 + -5)?
8
What is the value of 9 - (28 + (12 - 19))?
-12
1 + 6 + (-64 - -48) - 12
-21
What is the value of 11 - ((0 - -7) + -14 + 27 - 1)?
-8
-1 - -1 - 9 - (49 + -51 + 9)
-16
What is 12 - (10 + -9 + 4) - 1?
6
3 + -7 + (3 - 6) - (22 + -27)
-2
What is the value of (27 - 0 - 10) + -13?
4
What is the value of 28 - (-21 + 15 + 22)?
12
What is 0 + -14 + (-15 - -31 - 21)?
-19
What is -20 + -15 + 32 - -28?
25
What is the value of -1 + (3 + -17 - -2) + (-44 - -45)?
-12
What is -134 + 120 + 12 + -5?
-7
What is -10 + 16 - (1 + (0 - 0 - 10))?
15
What is the value of 0 - (-3 + (4 - (6 - -4) - -19))?
-10
Evaluate (-3 - 2) + (16 - 10 - 3).
-2
Evaluate (-8 - (-1 + -1)) + (9 - (-4 + -3)).
10
(15 - 22) + -3 - 7
-17
4 - (8 - (-7 - -20))
9
Evaluate -232 + 239 + -1 + -9.
-3
What is -23 + (-18 + 7 - -24) + -2?
-12
-2 + -10 + (-7 - -10) - (-1 + -1)
-7
What is the value of -6 + (21 - 1) - 23?
-9
What is the value of -13 - (-26 + (23 - -9) - (-3 + -1))?
-23
What is the value of (-4 - (3 + 1)) + (-2 - (-10 - 0))?
0
What is -4 - -2 - (-52 - -57 - (11 + -1))?
3
Evaluate -9 - (-43 + 16 + 17).
1
-11 + 2 + (-58 - -49) + (14 - 1)
-5
1 + -21 + -552 + 559
-13
What is (-8 - -7) + (0 - (2 - 10 - 1))?
8
-121 + 117 + (-11 - -2)
-13
2 + (15 - (15 + -8))
10
What is the value of -52 - -34 - (4 - 29)?
7
Calculate 10 + 12 + -37 + 8.
-7
What is -20 - (4 + -16 - 12)?
4
Evaluate -5 - (-1 + 1 - (52 - 54)).
-7
Calculate (-13 - -6) + (29 - 8) + -6.
8
-6 - ((4 - 1) + -4) - -4 - 6
-7
What is the value of (-78 - -67 - (3 + -52)) + -8?
30
What is 4 + 5 - 3 - (7 - 6 - -11)?
-6
11 + -3 + -10 + (-1 - 3) - -16
10
2 - (17 + -10 + 1 + 0 - 3)
-3
What is 66 + -5 + 47 + -76?
32
Calculate -8 - -28 - (86 - 85).
19
Evaluate 36 - (24 - -19 - -22).
-29
What is the value of (-27 - -46 - 18) + 1 + -2 - 21?
-21
-29 + (-37 - -75) - (0 - (0 + -39))
-30
Evaluate -3 + (1 - 24 - (-26 + 14)).
-14
What is 4 + (-24 + 29 - (13 + -2)) - 9?
-11
-2 - (-22 + (5 - 5 - -5)) - 3
12
Evaluate -7 - ((-8 - (-6 - -3)) + -9).
7
What is the value of 2 + 0 - (18 - -1 - (15 + -10))?
-12
0 + -4 + -4 + 19 + (14 - 4)
21
What is the value of 1 + (6 - (1 - -12)) + (-7 - -13)?
0
(-14 - -46) + (-16 - 4)
12
Evaluate -7 - (-13 + 1 + 16).
-11
What is the value of 4 + 9 + -18 + 0 - 6?
-11
What is -9 + 14 + -4 + -4 + -3?
-6
What is the value of -546 - -577 - (-2 + 30)?
3
What is (-35 - -7) + (-1 + -4 - -8)?
-25
41 + (-6 - 47 - -14)
2
What is the value of (10 - -15) + -24 + -2?
-1
Evaluate -3 + -8 + (-5 - -8) + -1 + -2.
-11
28 - 22 - (10 + -16)
12
What is 0 + 3 + -309 + 296?
-10
-65 + 79 - (15 + 0)
-1
What is the value of (-45 - -8) + 6 - -15?
-16
Evaluate 4 + 9 + 8 + (-3 - 4).
14
Wha